) = g(k) + 2*l(k). Let n = 3 + -3. What is the remainder when a(n) is divided by 6?
4
Suppose 0 = 593*d - 586*d - 119. Calculate the remainder when 115 is divided by d.
13
Suppose -7*g + 306 - 103 = 0. What is the remainder when g is divided by 25?
4
Suppose 0 = -a + 4*v - 10, 4*a - 3*v - 60 = -7*v. Let p = -8 + 6. Let z = 20 + p. What is the remainder when z is divided by a?
8
Let s(l) = -l**3 - 4*l**2 + 8*l + 8. Let z be s(-6). Suppose 2*y + m - z = 0, 3*m + 0*m + 66 = 3*y. Calculate the remainder when 65 is divided by y.
11
Let i = -40 - -9. Let j = i - -57. Calculate the remainder when 50 is divided by j.
24
Let r(v) = v**3 + 24*v**2 - 65*v - 91. What is the remainder when r(-26) is divided by 28?
23
Suppose -2*l = 3*p - 27, -2*p + 3*l = -4*p + 13. Let w(d) = -2*d**2 - 21*d - 25. Let i be w(-9). What is the remainder when (i/(-4))/(5/(-430)) is divided by p?
10
Let b(y) = -9*y - 52. What is the remainder when b(-14) is divided by 15?
14
Suppose 3*y - 88 = -16. Let a(l) = 10*l**2 - 2*l - 3. Let k be a(-1). Suppose k*j + 0*j = 63. Calculate the remainder when y is divided by j.
3
Calculate the remainder when 198 is divided by -2*670/100*-5.
64
Suppose 7*w = 2*w + 120. Let h = w + -12. What is the remainder when (-323)/(-57)*50/6 + 10/(-45) is divided by h?
11
Let l(c) = 2*c**2 - 7*c - 67. What is the remainder when l(-12) is divided by 17?
16
Suppose 3*t - 2*q - 365 = 0, 175 + 205 = 3*t + q. Calculate the remainder when t is divided by 7.
6
Suppose -1813*j = -1795*j - 1926. Suppose 0 = 8*f - 4*f - 72. What is the remainder when j is divided by f?
17
Let i = -30 - -41. Suppose p = -2*s + 40 + 30, -s + 41 = 2*p. Let n = s - 3. Calculate the remainder when n is divided by i.
8
Suppose -7*i + 21 = -10*i. Calculate the remainder when i*15/10*2/(-3) is divided by 3.
1
Let z = 744 + -672. Calculate the remainder when 503 is divided by z.
71
Let n = 19 + -40. Let t = n + 75. Calculate the remainder when t is divided by 14.
12
Suppose 0 = -o + 5*o - 480. Suppose o - 40 = 4*h. Suppose 9 + h = a. What is the remainder when a is divided by 16?
13
Let q be 15/3*5*(6 + -7). Calculate the remainder when (-4)/(-5) - 455/q is divided by 5.
4
Let y(d) = 4*d**2 - d + 12. Suppose 122 - 132 = 2*g. Calculate the remainder when y(g) is divided by 4/6 - 70/(-3).
21
Let c = -41 - -51. Let f(j) = j**3 - 12*j**2 + 20*j + 12. Calculate the remainder when 21 is divided by f(c).
9
Let l(v) = -v**3 + 3*v**2 + 2*v - 3. Let t be l(3). Suppose x - 115 = -3*n + 5*x, t*x + 144 = 4*n. What is the remainder when n is divided by 17?
16
Suppose 4*y = 40 + 600. Suppose i = 6*i - y. Suppose r + 24 = -2*v + 208, 0 = 2*v + 4*r - 178. Calculate the remainder when v is divided by i.
29
Suppose -300 = -2*c - 4*y, c + 2*y - 434 = -2*c. Suppose 4*v - 62 - c = 0. Calculate the remainder when 50 is divided by (v/12)/((-5)/(-20)).
16
Suppose 4*h + h = 305. Calculate the remainder when h is divided by 24.
13
Let n be (-6)/21 + (-174)/(-21). Let a(y) = -y**2 - 9*y + 1. Let c be a(-5). Let t = c + n. What is the remainder when t is divided by 10?
9
Suppose 4*h = -5*x + 1106, 0*x = x + 5*h - 217. What is the remainder when x is divided by 32?
30
Let x(a) = -42*a - 327. What is the remainder when 2139 is divided by x(-9)?
48
Let w = -371 + 395. What is the remainder when w is divided by 6?
0
Suppose d = 5*r + 302, 0 = 5*r - r - 3*d + 246. Let t = r - -96. What is the remainder when t is divided by 10?
6
Let p = 15 - 12. What is the remainder when (-2*(p + -4))/((-2)/(-35)) is divided by 10?
5
Let u(j) = j**3 + 11*j - 91. What is the remainder when u(5) is divided by 19?
13
Let o(a) = a**2 - 1. Let r be o(2). Suppose -2*c + 15 = r*c. Suppose 3*y - c*k = 78, 3*y + 2*k - 73 = 4*k. Calculate the remainder when 61 is divided by y.
19
Let l(q) = -2*q**2 - 32*q + 4. Let d be l(-16). Suppose -i + 4*i = d*z + 40, 51 = 4*i - 3*z. Calculate the remainder when 47 is divided by i.
11
Suppose 62*o - 58*o = 52. What is the remainder when 191 is divided by o?
9
Suppose -2061*o = -2069*o + 176. What is the remainder when 240 is divided by o?
20
Suppose -14*a = 47 - 299. Calculate the remainder when 69 is divided by a.
15
Suppose 2*s = -6, -4*r + 7*s - 1 = 10*s. Suppose 4*d + 3*j = -d + 7, 3 = 2*d + j. Calculate the remainder when d is divided by r.
0
Let q be (-3)/(-3) - (-3 - 2). Let p = q + -6. Suppose p = 2*y - 28 - 36. What is the remainder when y is divided by 9?
5
Suppose 4*b - 102 = 2*j, 3*j - 4*j - 107 = -4*b. Suppose 4 = 4*x + 2*f + b, -4*x - f = 26. Let i = x + 62. Calculate the remainder when i is divided by 14.
13
Let k = -129 + 177. What is the remainder when k is divided by 12?
0
Let f = -1259 + 1288. What is the remainder when 249 is divided by f?
17
Let z(b) = 2*b**2 + 3*b + 25. Calculate the remainder when z(-5) is divided by 10.
0
Let k(f) = -f**3 - 7*f**2 - 6*f + 2. Let p be 1/2*-4 - 3. Let o be k(p). Let h = 33 + o. What is the remainder when 42 is divided by h?
12
Let a = -36 + 59. Let j(s) = s**2 - 16*s + 59. Let u be j(12). Let d(g) = -g**2 + 23*g - 89. What is the remainder when d(u) is divided by a?
20
Let q be 3/5 - 434/(-35). Let t = q + -1. Let y = 4 - -1. Calculate the remainder when t is divided by y.
2
Let h be (-4)/10*(-120)/3. Suppose c - h = 2*v, 0 = -c - 0*c + 5*v + 25. What is the remainder when 17 is divided by c?
7
Let v(y) = 63*y + 3. What is the remainder when v(1) is divided by 44?
22
Suppose 2*v + 14 = 5*i - 12, -3*i = v - 20. What is the remainder when 77 is divided by i?
5
Suppose v = -5*v + 24. Suppose m - 105 = -v*m. What is the remainder when 39 is divided by m?
18
Suppose 0 = -5*p - 4*o + 53, 5*o - 17 = -p + o. Let v = -17 + 12. What is the remainder when v/((-15)/36) - -4 is divided by p?
7
Suppose 2*p - 126 = 8. Let i(d) = -2*d + 9. Suppose 2*s = -2*s - 28. What is the remainder when p is divided by i(s)?
21
Let k(m) = 95*m + 1576. Suppose -334 = -3*c + c. What is the remainder when c is divided by k(-16)?
55
Suppose 2*s = -s + 63. What is the remainder when 74 is divided by s?
11
Suppose 13*s - 22*s + 1791 = 0. Let i = s + -106. What is the remainder when i is divided by 12?
9
Calculate the remainder when 49 is divided by ((-16)/20)/(2*3/(-165)).
5
Let z = -162 + 175. What is the remainder when 37 is divided by z?
11
Suppose 0 = 3*b - 168 - 105. What is the remainder when 255 is divided by b?
73
Suppose -2*q = 155 - 469. Suppose -3*c + 8*d + 81 = 3*d, -5*c + 4*d = -148. What is the remainder when q is divided by c?
29
What is the remainder when 93/(-2)*136/(-51) is divided by 21?
19
Suppose 0 = 3*j - 3*r - 75, 3*j + 17 - 68 = -5*r. Calculate the remainder when 57 is divided by j.
13
Let p be 1 - (-5)/((-5)/(-2)). Suppose -p*a + 191 = -139. Calculate the remainder when a is divided by 28.
26
Let d = 5 - -1. Let m(w) = w**2 - 4*w - 8. Let p be m(d). Suppose 4*n - 8 = -p*c + 108, -5*c - 155 = -5*n. Calculate the remainder when n is divided by 16.
14
Suppose 1457 = 2*j + 17. Suppose 0 = 5*s + 2*m - j, -3*s - 3*m - 26 + 449 = 0. What is the remainder when s is divided by 51?
44
Calculate the remainder when 64 is divided by (1 - 0)/((-17)/(-187)).
9
Suppose 35*r = -893 + 4708. What is the remainder when 167 is divided by r?
58
Suppose 277 = 22*p - 1307. What is the remainder when p is divided by 23?
3
Let h = -509 - -524. Calculate the remainder when 327 is divided by h.
12
Suppose a + 2*a - 39 = -5*r, -r + 2*a = 0. Suppose r*b = 197 + 217. Suppose -w + b = 2*w. What is the remainder when w is divided by 12?
11
Let b be 1 + 0 + (10 - 7). Suppose 7 = d + 5*l - l, b*l + 128 = 4*d. Let t = d + 91. What is the remainder when t is divided by 15?
13
Let v = 37 - 29. Suppose l + 2*o = 16, -3*l + 3*o = -v*l + 94. What is the remainder when l is divided by 7?
6
Let u(n) = -n**3 + n**2 + n - 1. Let i be u(1). Suppose i = -0*t + 5*t - 875. Suppose -7*l + t = -2*l. Calculate the remainder when l is divided by 19.
16
Let m = -58 - -108. Suppose 2*j = 4*h - h - 17, -5*h = j - m. Calculate the remainder when 80 is divided by h.
8
What is the remainder when 2 + 40/(-18) + 6880/180 is divided by 22?
16
Suppose 3*a + 2*r = 28, 3*a - 3*r - 32 = -4*r. What is the remainder when 1329 is divided by a?
9
Let c be (-166)/(3*-2*3/9). Let k = 113 - c. Calculate the remainder when 117 is div